 = 0. Let d(r) = 2*r**2 - 2*r - 2. Let j(q) = -5*q + 21. Calculate the remainder when d(i) is divided by j(3).
4
Let l(m) = 10*m. Let z(i) = i. Let q(v) = -3*l(v) + 21*z(v). Let o = -55 - -65. Calculate the remainder when q(-2) is divided by o.
8
Let u = 4 + 2. Suppose -3*z = -y - 13, -4*z + 2*z = -2*y - u. Suppose -43 = -z*d - 13. Calculate the remainder when d is divided by 4.
2
Let m(g) = 15*g**3 + g**2 + 2*g - 3. Let t be m(2). Let y = t - 74. Suppose 8*u - y = 5*u. What is the remainder when u is divided by 5?
2
Let p(w) = 45*w + 2627. Let d(k) = -k**2 - 3*k + 4. Let s be d(-6). Let x = s + 46. What is the remainder when x is divided by p(-58)?
15
Let o = 39 - 37. Suppose -2*d + 36 = o*d. Calculate the remainder when d is divided by 2.
1
What is the remainder when ((-99)/(-1))/(237/158) is divided by 6?
0
Let k = 799 + -724. What is the remainder when k is divided by 41?
34
Suppose 1470*j + 549 = 1473*j. What is the remainder when j is divided by 100?
83
Suppose 2*b - 739 = -5*t, 5*t - 453 = -b - 81. Calculate the remainder when b is divided by 37.
34
Let z(j) = 18*j**2 + 2*j + 1. Let i(w) be the third derivative of -11*w**4/12 - w**3/3 + 17*w**2. What is the remainder when z(2) is divided by i(-1)?
17
Suppose 5*d - 13 - 2 = 0. Suppose d*g = -4*o - 14, 5*g + 22 = 4*o + 52. Let b(x) = 8*x**2 - 4*x + 2. Calculate the remainder when b(g) is divided by 14.
12
Calculate the remainder when (1*-18)/((-4)/10) is divided by 68/6 - (-33)/((-1287)/(-26)).
9
Let m(v) = 7*v**3 + 7*v - 7. Calculate the remainder when 33 is divided by m(1).
5
Let z = 1164 - 651. Calculate the remainder when z is divided by 104.
97
Suppose -3*k - 2*y + 5 = 1, 2*y + 12 = k. Suppose -3*j - 2*m + m = -152, -5*j + 251 = k*m. Calculate the remainder when j is divided by 18.
15
Suppose 26*l - 13*l = 1131. What is the remainder when l is divided by 3?
0
Suppose -1094 = -12*w - 278. Calculate the remainder when w is divided by 37.
31
Let y(g) be the third derivative of 5*g**4/24 + 5*g**3/2 - 14*g**2. Suppose -u + 2*m + 23 = 0, -4*m - 3 = 5. Calculate the remainder when y(8) is divided by u.
17
Let v(b) = -b**3 - 4*b**2 + 11*b + 7. Let n(i) = -i**2 + 9*i - 12. Let r be n(8). Let g be (12/(-1))/r + -9. What is the remainder when 22 is divided by v(g)?
9
Suppose 4*d - 3 = 1. What is the remainder when d/(2/5)*32 is divided by 42?
38
Let g = 462 + -441. What is the remainder when 141 is divided by g?
15
Let m(h) = h**2 + 24*h - 36. What is the remainder when 230 is divided by m(-28)?
2
Let l(j) = -8*j + 27. Calculate the remainder when l(-9) is divided by (14/5)/(2/15).
15
Suppose -b + 48 = 7*b. What is the remainder when 11 is divided by b?
5
Let g(o) be the second derivative of -o**3/6 + 37*o**2/2 - 3*o. Let q(u) = 2*u**2 - 15*u + 2. What is the remainder when g(0) is divided by q(8)?
7
Let y(p) = -p**2 + 17*p + 28. Calculate the remainder when 104 is divided by y(0).
20
Let a(d) = -21*d - 596. Calculate the remainder when a(-29) is divided by 3.
1
Suppose -12*g + 104 = -8*g. Suppose z = 30 + g. Calculate the remainder when z is divided by 19.
18
Calculate the remainder when -5 + 0 + (135 - 60) is divided by 24.
22
Let z = -33 - -41. Suppose 0 = -z*i + 224 + 1104. What is the remainder when i is divided by 21?
19
Let d = 1077 + -1068. Calculate the remainder when 771 is divided by d.
6
Let a = -66 + 105. Let c(s) = s**2 + 7*s. Let j be c(5). Suppose 4*q - 2*t = -q + j, -4*q + 2*t + 50 = 0. Calculate the remainder when a is divided by q.
9
Let j = 476 - 470. What is the remainder when 165 is divided by j?
3
Suppose 4*k - 232 - 840 = 0. What is the remainder when k is divided by 5/(-4) - (-2)/((-16)/(-442))?
52
Suppose s + 594 = 4*k, 48*k - 4*s - 452 = 45*k. What is the remainder when k is divided by 17?
12
Let k(t) = -t**3 + 2*t**2 + 13*t - 3. Calculate the remainder when k(-6) is divided by 15.
12
Suppose 14 = m + 4*n, -2*m + 4 = -0*m - 4*n. Suppose -4*j - 3*x + 38 = 0, 0 = 3*j - 0*j + 3*x - 27. Calculate the remainder when j is divided by m.
5
Suppose -3*h = -y - 18 + 4, -h = y - 6. Suppose d + 156 = 3*q + q, -h*d + 180 = 4*q. What is the remainder when q is divided by 7?
5
Let z = 44 + -129. Let h = -47 - z. What is the remainder when h is divided by 13?
12
Suppose 5*p - 4*u = 30, 3*p + 0*u = 3*u + 21. Suppose 0 = 35*y + 800 - 4370. Suppose -p*b + y = b. Calculate the remainder when b is divided by 7.
6
Suppose m + 3*m + 12 = 0. Let c = 8 - m. Suppose -h = h - 86. Calculate the remainder when h is divided by c.
10
Suppose 5*c - 4*r = 440, -3*c - 4*r + 440 = 2*c. What is the remainder when 967 is divided by c?
87
Let o(g) = -g**3 + 9*g**2 - 4*g - 29. What is the remainder when 70 is divided by o(7)?
29
Let n = -6 + 11. Suppose -n*t = -2*k - 3*k + 385, -5*t = k - 65. Suppose 4*s = 2*g + 80, 5*s - k = -g + 18. What is the remainder when 73 is divided by s?
16
Let b(m) = -15 + 40 - 19 + m. Let x be b(3). Suppose x + 1 = 2*i, 4*i + 38 = f. Calculate the remainder when f is divided by 30.
28
Suppose -1 = -3*m + 86. Let q(n) = n**2 + 8*n - 12. Let a be q(-9). What is the remainder when m is divided by (60/8)/(a/(-6))?
14
Let c = 495 - 481. Calculate the remainder when 39 is divided by c.
11
Let t(s) = -4*s**3 - s**2 - 2*s - 2. Let c = 664 - 653. What is the remainder when t(-2) is divided by c?
8
Suppose -4*o + 3*x = -393, -16*x = o - 11*x - 104. Calculate the remainder when o is divided by 6.
3
Suppose -8 = -2*x + 4*x - 2*m, -3*m = 0. What is the remainder when (x/(-6))/(26/4719) is divided by 31?
28
Let b = 0 + 4. Suppose 3*m = -2*o + 7, 27 - 4 = b*o - 3*m. Suppose -135 = -3*d - 2*z, 2*d - 90 = -3*z + o*z. Calculate the remainder when d is divided by 24.
21
Suppose 22*o = 3*l + 20*o - 79, 0 = 2*l - 2*o - 50. What is the remainder when 1013 is divided by l?
27
Suppose 5*u + 5*k = 225, 82*u - k + 217 = 87*u. Calculate the remainder when u is divided by 2/(2 + 32/(-17)).
9
Let w = -21 + 25. Let g = w - 1. Suppose 5*l - 62 = g*l. Calculate the remainder when l is divided by 17.
14
Let h = 131 - -24. Suppose -5*g + 165 = h. Calculate the remainder when 11 is divided by g.
1
Let q(b) = -b**3 - 9*b**2 - 11*b + 8. Let m be q(-9). Suppose -7*p + 124 = -m. What is the remainder when p is divided by 7?
5
Let r(p) = p**3 - 6*p**2 + 6*p + 3. Let y(u) = -u**3 - 15*u**2 - 15*u + 8. What is the remainder when y(-14) is divided by r(5)?
6
Let b be -30 - -10 - 1/1. Let k = b + 30. Calculate the remainder when k is divided by (9/4)/(27/36).
0
Let k(u) = u**2 + u - 21. Calculate the remainder when 172 is divided by k(-8).
32
Let j = -4 + 35. Let s = -28 + j. Calculate the remainder when 10 is divided by s.
1
Let b = -190 + 239. Calculate the remainder when 93 is divided by b.
44
Let a(v) be the third derivative of 5*v**4/12 + 5*v**3/6 - 7*v**2. Let x be -1*(-4 + (-1 - 1)). Calculate the remainder when a(x) is divided by 17.
14
Let y = -558 - -660. Calculate the remainder when y is divided by 61.
41
Suppose -3*y = 4*y - 308. Suppose m + y = 5*m. Calculate the remainder when 49 is divided by m.
5
Let w = 9 + 8. Suppose 0 = 7*c - c - 288. What is the remainder when c is divided by w?
14
Calculate the remainder when 200 is divided by (-208)/(-6) + (-6)/9.
30
Let v(n) = n**2 - 12*n - 9. What is the remainder when 263 is divided by v(-4)?
43
Calculate the remainder when ((-1228)/6)/((-20)/30) is divided by 62.
59
Calculate the remainder when 358 is divided by (405/(-54))/((-1)/2).
13
Suppose 13*w + 24 = 15*w. Suppose 21*d = w*d + 819. What is the remainder when d is divided by 24?
19
Let m be (-6)/(-2)*(-72)/54. Calculate the remainder when 47 is divided by 13/(-4)*(0 + m).
8
Let b = -277 + 388. Let o = 201 + -294. Let y = -65 - o. Calculate the remainder when b is divided by y.
27
Suppose -2*c - 3*x = 0, 2*c + 5*x - 13 + 5 = 0. What is the remainder when 50 is divided by c/(-3) + (-1)/2*-26?
5
Let z = 120 - 103. Calculate the remainder when 78 is divided by z.
10
Suppose 0*i + i = 231. Suppose 5*f = 5*h + f - 545, 2*h - i = -f. What is the remainder when h is divided by 29?
26
Let t(y) = 3*y**2 + 5*y + 7. Let a be t(4). Suppose -5*x = 15, 0 = -2*d + d - 3*x - 47. Let m = d + a. What is the remainder when m is divided by 13?
11
Let u be (1 + 19 + 1)*(-30)/9. Let x = 87 + u. What is the remainder when 33 